alse
Is 42744 a multiple of 13?
True
Is 3413 a multiple of 9?
False
Is 225 a multiple of 20?
False
Is 938 a multiple of 67?
True
Does 8 divide 88?
True
Is 1921 a multiple of 5?
False
Is 7 a factor of 241?
False
Is 71 a factor of 2488?
False
Is 2107 a multiple of 4?
False
Is 3030 a multiple of 5?
True
Does 11 divide 1447?
False
Does 9 divide 14187?
False
Does 23 divide 2951?
False
Does 43 divide 2408?
True
Is 6 a factor of 7023?
False
Does 12 divide 468?
True
Is 25 a factor of 1896?
False
Does 11 divide 1622?
False
Is 4034 a multiple of 7?
False
Is 4607 a multiple of 17?
True
Does 77 divide 123585?
True
Is 7703 a multiple of 7?
False
Is 2600 a multiple of 65?
True
Is 439 a multiple of 11?
False
Is 595 a multiple of 2?
False
Is 281 a factor of 6537?
False
Is 34 a factor of 44880?
True
Is 12 a factor of 1200?
True
Is 21 a factor of 279?
False
Is 786 a multiple of 11?
False
Is 7 a factor of 119?
True
Does 20 divide 17383?
False
Is 17157 a multiple of 21?
True
Does 29 divide 2552?
True
Is 57 a factor of 855?
True
Is 772 a multiple of 3?
False
Is 25 a factor of 662?
False
Does 12 divide 576?
True
Is 302 a multiple of 29?
False
Is 15 a factor of 275?
False
Is 6456 a multiple of 12?
True
Is 12 a factor of 1597?
False
Is 183 a factor of 4575?
True
Is 8 a factor of 5890?
False
Does 4 divide 24?
True
Is 35676 a multiple of 6?
True
Does 54 divide 4185?
False
Is 5 a factor of 290?
True
Is 1964 a multiple of 10?
False
Is 38 a factor of 17290?
True
Is 4097 a multiple of 38?
False
Is 178 a factor of 28658?
True
Is 58 a factor of 1177?
False
Does 6 divide 72?
True
Is 891 a multiple of 9?
True
Does 34 divide 1054?
True
Is 998 a multiple of 35?
False
Is 12 a factor of 3825?
False
Does 11 divide 161?
False
Is 10854 a multiple of 81?
True
Is 4 a factor of 180?
True
Does 129 divide 16512?
True
Does 34 divide 816?
True
Is 30179 a multiple of 21?
False
Does 2 divide 38?
True
Is 74 a factor of 5030?
False
Does 88 divide 150?
False
Is 111 a factor of 23754?
True
Is 66 a factor of 24494?
False
Is 916 a multiple of 23?
False
Is 32382 a multiple of 50?
False
Is 28 a factor of 388?
False
Is 80 a factor of 2480?
True
Is 263 a factor of 62331?
True
Is 1045 a multiple of 15?
False
Is 29 a factor of 12180?
True
Is 45 a factor of 1902?
False
Does 11 divide 2611?
False
Is 2448 a multiple of 34?
True
Is 13 a factor of 26169?
True
Is 42 a factor of 2801?
False
Does 17 divide 357?
True
Is 116 a multiple of 4?
True
Does 26 divide 8216?
True
Does 8 divide 1951?
False
Is 44 a factor of 2581?
False
Is 44 a factor of 704?
True
Is 5707 a multiple of 23?
False
Is 9 a factor of 486?
True
Does 25 divide 19402?
False
Is 1856 a multiple of 116?
True
Does 10 divide 5985?
False
Is 120 a factor of 14310?
False
Is 719 a multiple of 54?
False
Is 20937 a multiple of 13?
False
Is 5 a factor of 485?
True
Does 234 divide 3510?
True
Is 52 a factor of 123188?
True
Is 64 a factor of 28006?
False
Is 1416 a multiple of 12?
True
Does 50 divide 19780?
False
Is 24822 a multiple of 126?
True
Is 15309 a multiple of 39?
False
Is 4740 a multiple of 79?
True
Is 45 a factor of 126?
False
Is 48441 a multiple of 201?
True
Is 27 a factor of 1971?
True
Does 133 divide 8778?
True
Is 524 a multiple of 6?
False
Is 37200 a multiple of 300?
True
Is 22 a factor of 3749?
False
Is 37 a multiple of 2?
False
Is 2204 a multiple of 76?
True
Does 90 divide 26640?
True
Does 57 divide 2692?
False
Is 9 a factor of 746?
False
Does 36 divide 519?
False
Does 14 divide 1829?
False
Is 112 a factor of 528?
False
Does 9 divide 138?
False
Does 302 divide 44492?
False
Is 1068 a multiple of 6?
True
Does 13 divide 4999?
False
Does 49 divide 31409?
True
Is 895 a multiple of 8?
False
Is 25 a factor of 620?
False
Is 110 a factor of 26285?
False
Is 9374 a multiple of 86?
True
Is 8 a factor of 2262?
False
Is 20 a factor of 3320?
True
Does 31 divide 5985?
False
Is 53 a factor of 52744?
False
Does 16 divide 4779?
False
Is 39 a factor of 1950?
True
Is 81 a factor of 7695?
True
Is 33 a factor of 2582?
False
Is 207 even?
False
Is 544 a multiple of 34?
True
Does 136 divide 4566?
False
Does 14 divide 1848?
True
Does 27 divide 15093?
True
Is 94651 a multiple of 192?
False
Is 161 a factor of 15778?
True
Does 28 divide 12657?
False
Is 6 a factor of 166?
False
Is 7482 a multiple of 7?
False
Does 21 divide 2659?
False
Does 138 divide 13684?
False
Is 4147 a multiple of 13?
True
Does 6 divide 540?
True
Is 534 a multiple of 23?
False
Does 2 divide 48?
True
Is 88 a factor of 37494?
False
Is 151 a factor of 11174?
True
Does 13 divide 1417?
True
Does 8 divide 565?
False
Is 8 a factor of 1464?
True
Is 141290 a multiple of 398?
True
Is 19337 a multiple of 16?
False
Does 19 divide 4091?
False
Is 39 a factor of 505?
False
Does 15 divide 26805?
True
Does 128 divide 26624?
True
Is 1484 a multiple of 53?
True
Does 7 divide 547?
False
Is 675 a multiple of 15?
True
Is 100 even?
True
Is 19 a factor of 5884?
False
Does 44 divide 4708?
True
Is 1818 a multiple of 18?
True
Is 8466 a multiple of 6?
True
Is 140 a multiple of 7?
True
Is 1950 a multiple of 13?
True
Does 3 divide 329?
False
Is 4 a factor of 5716?
True
Does 28 divide 448?
True
Is 62 a factor of 721?
False
Does 187 divide 16082?
True
Is 497 a multiple of 4?
False
Is 31200 a multiple of 156?
True
Is 268 a multiple of 11?
False
Does 5 divide 25565?
True
Does 5 divide 225?
True
Is 19 a factor of 3735?
False
Does 33 divide 2970?
True
Does 28 divide 4553?
False
Is 18 a factor of 4086?
True
Is 44 a factor of 718?
False
Is 13848 a multiple of 46?
False
Does 30 divide 5744?
False
Is 103955 a multiple of 285?
False
Is 37789 a multiple of 23?
True
Is 42370 a multiple of 19?
True
Does 19 divide 20156?
False
Does 23 divide 682?
False
Does 13 divide 4998?
False
Is 266 a multiple of 3?
False
Is 176 a multiple of 2?
True
Does 8 divide 13312?
True
Is 12 a factor of 94059?
False
Does 48 divide 18720?
True
Is 27394 a multiple of 29?
False
Does 40 divide 7511?
False
Does 3 divide 260?
False
Does 6 divide 10930?
False
Is 5459 a multiple of 79?
False
Is 14100 a multiple of 150?
True
Does 4 divide 153?
False
Is 11 a factor of 4283?
False
Is 122 a multiple of 15?
False
Is 1377 a multiple of 17?
True
Is 52560 a multiple of 5?
True
Is 2 a factor of 301?
False
Is 4814 a multiple of 58?
True
Is 10 a factor of 109?
False
Is 7511 a multiple of 3?
False
Is 11888 a multiple of 20?
False
Does 5 divide 350?
True
Is 122 a factor of 8906?
True
Is 43307 a multiple of 13?
False
Is 3 a factor of 99?
True
Is 9 a factor of 743?
False
Is 4 a factor of 812?
True
Is 8 a factor of 638?
False
Is 113 a multiple of 8?
False
Is 3969 a multiple of 9?
True
Does 10 divide 1150?
True
Does 67 divide 400?
False
Does 38 divide 30507?
False
Is 4810 a multiple of 26?
True
Does 2 divide 59?
False
Is 2819 a multiple of 48?
False
Is 1079 a multiple of 6?
False
Is 5969 a multiple of 28?
False
Is 28 a factor of 565?
False
Is 63 a multiple of 9?
True
Is 22 a factor of 1104?
False
Does 7 divide 7503?
False
Is 17 a factor of 607?
False
Is 32 a factor of 8096?
True
Does 77 divide 1617?
True
Does 93 divide 1091?
False
Is 1632 a multiple of 48?
True
Does 8 divide 3920?
True
Does 4 divide 101?
False
Is 40 a factor of 6840?
True
Is 175 a factor of 2275?
True
Is 378 a multiple of 21?
True
Is 4 a factor of 1635?
False
Is 55589 a multiple of 57?
False
Is 46 a factor of 46?
True
Is 14 a factor of 5628?
True
Is 11 a factor of 1238?
False
Does 17 divide 374?
True
Is 42 a factor of 14910?
True
Is 466 a multiple of 8?
False
Does 11 divide 737?
True
Is 5 a factor of 175?
True
Does 43 divide 93?
False
Does 201 divide 38793?
True
Is 17 a factor of 86649?
True
Does 2 divide 7648?
True
Is 1968 a multiple of 82?
True
Is 5040 a multiple of 40?
True
Is 9 a factor of 598?
False
Is 72 a factor of 4824?
True
Does 62 divide 24366?
True
Is 53 a factor of 2173?
True
Is 16 a factor of 8832?
True
Is 25 a factor of 2625?
True
Does 34 divide 1938?
True
Is 2 a factor of 190?
True
Is 20696 a multiple of 52?
True
Is 12 a factor of 2602?
False
Is 1947 even?
False
Is 39 a factor of 195?
True
Is 417 a multiple of 25?
False
Does 3 divide 724?
False
Is 2220 a multiple of 4?
True
Is 410 a multiple of 5?
True
Does 13 divide 1833?
True
Is 132 a factor of 3960?
True
Is 43358 a multiple of 19?
True
Is 15 a factor of 59040?
